14. Suppose -5*a = 12 - 57. What is the highest common factor of a and f?
1
Suppose 4*x = 2*f - 48, 2*f + 5*x = -0*x + 3. Let w = 16 + -6. Let p = f - w. What is the greatest common divisor of 20 and p?
4
Let c be 21/28 + (-81)/(-4). Let f be 154*(7/2 + -2). Calculate the highest common divisor of c and f.
21
Let z(k) = -k**3 + 12*k**2 - 6*k + 13. Let t be z(10). What is the highest common factor of 17 and t?
17
Suppose 17*q - 42 = 111. Calculate the greatest common divisor of q and 3.
3
Suppose -2 - 1 = -3*s, r + 3 = -2*s. Let f be 62/(r/((-5)/(-2))). Let t = f - -67. Calculate the greatest common divisor of 12 and t.
12
Suppose -h - 2 = -2*b, -4*b + 10 = -2*h + h. Calculate the highest common factor of h and 30.
6
Suppose -o - 2 + 1 = 0, -5*o = -5*k + 20. Suppose k*n - 76 = -n. Let c be (-190)/3*(-9)/6. What is the highest common divisor of n and c?
19
Suppose -4*d + 4*v + 196 = 0, 4*d + 20 = v + 204. Suppose -2*i + 10 = -0*r + 4*r, -20 = r + 5*i. Calculate the highest common factor of d and r.
5
Let m be 4/(-1)*(-33)/12. Suppose m*a - 36 = 8*a. Calculate the highest common divisor of a and 18.
6
Suppose 0 = 11*z - 2*z - 198. Let v be (-4)/6 + 497/3. Suppose 5*f = 2*f + v. Calculate the highest common factor of z and f.
11
Let x be (-1 + -9)*9/(-6). Suppose 3*g = 3 + x. Suppose 4*i - 16 = 4*q, -4*i - 2*q - g = -52. What is the greatest common factor of i and 36?
9
Suppose 2*i = -25 + 5. Let g(q) = -q + 7. Let b be g(i). What is the greatest common divisor of 68 and b?
17
Suppose 0*n = 3*n - 120. Suppose 3*o - 41 = 7. Calculate the greatest common divisor of n and o.
8
Suppose 0 = -c + 5*c + 12. Let o = c - -13. Calculate the highest common divisor of 20 and o.
10
Suppose 6*u = u + 40. What is the greatest common factor of u and 8?
8
Suppose -2*g - 3*g = -z - 16, -4*z - 3*g = 18. Let b be 0*2/z + 16. What is the greatest common divisor of 4 and b?
4
Let m(g) = -g**3 + 3*g**2 + 2. Let j = 4 + -1. Let o be m(j). What is the greatest common divisor of 1 and o?
1
Let y(n) = -61*n - 1. Let q be y(-1). Let v(l) = l + 40. Let m be v(-20). What is the greatest common factor of q and m?
20
Suppose q = -3*l + 24, 3*l = -l - q + 32. Calculate the highest common divisor of 40 and l.
8
Suppose 14*b - 18*b = -76. Calculate the highest common divisor of b and 133.
19
Let x be (-2)/(-6) - 5/(-3). Suppose -x*r + 294 - 118 = 0. Suppose 3*i + 7 = r. What is the highest common factor of 18 and i?
9
Suppose -2*h = -5*h + 6. Let a = 14 - -2. What is the greatest common divisor of a and h?
2
Let t(j) = 13*j. Let p be t(3). What is the highest common divisor of 26 and p?
13
Let k(n) = n**2 + 5*n + 5. Let h = -5 + 0. Let d be k(h). What is the highest common divisor of 1 and d?
1
Let b be 2/(-7) - (-296)/56. Calculate the highest common divisor of b and 20.
5
Let z = 4 - -2. Calculate the greatest common factor of z and 2.
2
Let p be (-8 + (-7 - -3))*-1. Suppose i - 16 = p. What is the highest common factor of 7 and i?
7
Suppose 979 = 9*y - 65. Calculate the greatest common divisor of 29 and y.
29
Suppose 5*m + 2*j - 93 = 0, -40 = -2*m - 0*j + 2*j. Let c = -5 + m. Calculate the highest common divisor of c and 35.
7
Let k = -40 - -45. What is the highest common divisor of 5 and k?
5
Let x be 3*5*(2 + -1). What is the greatest common factor of x and 6?
3
Let u = -17 - -21. Suppose 0 = -u*m - 2*s + 130, 0 = 5*s + 20 - 5. Suppose -55 = -2*h + 47. Calculate the highest common divisor of h and m.
17
Let p(z) = -10*z. Let k be p(4). Let b = -19 - k. Calculate the greatest common divisor of 189 and b.
21
Let i(w) = w**2 - 2. Let t be i(2). Suppose -t*a + 92 = v, -8 + 92 = 2*a + 3*v. Suppose -8*o + a = -4*o. What is the highest common divisor of o and 18?
6
Suppose 10*t = 5*t + 50. Calculate the highest common factor of 110 and t.
10
Let f(x) = 18*x - 2. Let p be f(3). Calculate the greatest common divisor of 26 and p.
26
Let s(m) = 65*m - 1. Let z be s(1). Let o be 2 - 3 - (-1 - 2). Suppose 2*u + o*u - z = 0. Calculate the highest common factor of u and 16.
16
Let m be 28/6 - 1/(-3). Let v(c) = c**3 - 8*c**2 + 9*c - 5. Let b be v(6). Let d = m - b. What is the greatest common divisor of d and 7?
7
Suppose 0 = -4*t + t + 9. Suppose -125 = -5*q + t*p, q + 17 = 2*q + p. What is the highest common divisor of 176 and q?
22
Let u = 24 + 16. Let g(b) = 10*b**2 - b + 1. Let n be g(1). Suppose -4*m = 4*p - 12, -5*m = 2*p - 11 - n. What is the greatest common divisor of m and u?
5
Let q = -19 - -30. Calculate the greatest common factor of 11 and q.
11
Suppose 10 = 2*x, -x + 4*x + 84 = j. Calculate the highest common factor of 9 and j.
9
Let b = 27 + -17. Calculate the highest common factor of 2 and b.
2
Let v = 312 - 53. Calculate the greatest common divisor of v and 37.
37
Let z = 404 - 245. Suppose -5*m + 43 = 18. Suppose -711 = -m*h - g, 2*g = h - z + 8. What is the greatest common divisor of 13 and h?
13
Let b(h) = -h**2 - 3*h - 2. Let x be b(-2). Suppose x = -q - q + 24. Calculate the greatest common factor of q and 12.
12
Let n(y) = -y + 2. Let u be n(-4). Suppose 0 = 76*o - 70*o - 180. What is the greatest common divisor of u and o?
6
Suppose 0 = x + 2*x - 12. Suppose -3*f = -5*u - x*f + 195, -2*f = -10. Suppose t - u = -t. What is the greatest common divisor of t and 19?
19
Suppose 45 - 9 = 3*v. What is the greatest common factor of v and 36?
12
Let t be ((-87)/9)/(1/6). Let p = -40 - t. Calculate the highest common divisor of p and 6.
6
Let y = -2 - -10. Let z(n) = n + 23. Let w be z(0). Suppose 5*c = w - 3. Calculate the greatest common divisor of y and c.
4
Suppose -d + 29 = -25. Suppose -2*b + 18 = -d. Calculate the highest common factor of b and 4.
4
Suppose 2*h - 2 = 0, -2*g - 3 = -2*h - 1. Suppose -y - 8 = o + 4*y, g = -2*o + 5*y + 59. Calculate the greatest common divisor of 85 and o.
17
Let i(g) = 3*g**2 - 2*g + 4. Let c be i(-4). What is the highest common factor of c and 12?
12
Let u be -2*(-2)/4 - -2. Suppose -2*l + 64 = -0*l + 2*m, -2*l + 5*m = -50. Suppose -u*i = 2*i - l. What is the greatest common factor of 6 and i?
6
Let y = -4 - -9. Let n be 1/(-3) - 32/(-6). What is the highest common factor of y and n?
5
Let b = -6 + 9. Let h = -1 + b. Let v = 0 + h. What is the greatest common divisor of v and 1?
1
Suppose 0 = a + 2*a - 27. Let n be a - 1/(1/(-2)). Suppose -5*p = -0*p - 385. Calculate the highest common divisor of n and p.
11
Let x = 13 + 8. Let w = 185 + -38. What is the highest common factor of w and x?
21
Let t be (-62)/(-6) + (-12)/(-18). Suppose -i - 1 + 2 = 0. Let y be (i - 2) + (-6 - -40). Calculate the highest common divisor of y and t.
11
Let f = -19 - -69. Calculate the greatest common divisor of 20 and f.
10
Suppose -4*g - 4*r - 4 = 0, 5*g - 6*r - 23 = -4*r. Calculate the highest common divisor of 27 and g.
3
Let y be (-9)/(0 - (-9)/(-24)). Calculate the greatest common divisor of y and 24.
24
Let v(y) = 11*y - 12. Let j be v(9). What is the greatest common factor of 29 and j?
29
Let y be 1/((-1 - 1)/(-64)). What is the highest common divisor of y and 8?
8
Let c(h) = -2*h - 14. Let t be c(-12). Calculate the highest common factor of t and 15.
5
Let d(x) = -x**2 - 6*x + 2. Let u be d(-6). Suppose -4*w + 14 = -u*w. Calculate the greatest common divisor of w and 1.
1
Suppose -6*l - 20 = -10*l. What is the greatest common divisor of 2 and l?
1
Let x(o) = -o**3 + 7*o**2 + 5*o + 5. Let f be x(8). Let j = f - -36. Calculate the highest common factor of 51 and j.
17
Let d(t) = -t**3 + t**2 - t + 195. Let v be d(0). Let i = 337 - v. Let s be 3/(-6) - i/(-4). What is the highest common factor of 7 and s?
7
Let d(j) = j**3 - 2*j**2 - j + 15. Let g be d(0). What is the highest common factor of 135 and g?
15
Suppose -4*p + 2 + 22 = 0. Let q = 25 - 16. What is the highest common factor of p and q?
3
Suppose 3*c - 16 = 50. Suppose 4*u = 3*q + c, 4*u + 2*q = 18 - 6. Calculate the highest common factor of 36 and u.
4
Let f(m) = -m**3 + 7*m**2 - m + 10. Suppose 0 = 4*g + w - 32, -5*g + 4*w + 5 = -2*g. Let j be f(g). What is the highest common factor of j and 2?
1
Let d(i) = -i**2 - 10*i - 6. Let z be d(-7). Let a = 0 + -6. Let k be (-27)/(-5) + a/z. What is the greatest common divisor of k and 2?
1
Suppose 4*f = -y - 3*y - 244, 3*y + 173 = 2*f. Let v = y + 9